 -j**5/20 - j**4/6 + j**2 + 65*j. Calculate n(x).
2
Suppose 19 = -4*h + 3*r, 227*h - 223*h + 4*r + 40 = 0. Let w(o) = 13*o + 50. What is w(h)?
-41
Let i(r) = -45*r**2 + 621159*r - 621175*r + 5 + 44*r**2. Calculate i(-13).
44
Let q(f) = -3*f**3 + 10*f**2 + 4*f + 8. Let v(m) = -4*m**3 + 16*m**2 + 5*m + 8. Let k(d) = 3*q(d) - 2*v(d). What is k(-2)?
4
Let a(c) = 2*c + 7. Suppose 0 = -4*p + 2*o + 46, -4*p + 3*o - 2*o = -45. Let m = p - 6. Let i(z) = -z - 1. Let d be i(m). Give a(d).
-5
Let b be -32 + (-2)/(4 - 2). Suppose -130 = 6*o - o. Let f = o - b. Let l(z) = z**2 - 7*z - 5. What is l(f)?
-5
Let a(p) = p + p**3 - 2*p**2 - 20 + 2*p + 43 - 3*p**2 - 24. What is a(6)?
53
Let y(r) = r**3 + 71*r**2 + 203*r - 83. Let u be y(-68). Let x(j) = j**2 + 11*j - 30. Give x(u).
30
Let a(g) = -2*g + 38. Let s = 22968 - 22951. What is a(s)?
4
Let c(s) be the second derivative of s**4/3 - 23*s**3/3 + 6*s**2 + 4*s - 17. Give c(11).
-10
Let o(j) be the third derivative of j**7/1260 - j**5/120 + j**4/6 - j**3/3 + 3*j**2 - 23. Let x(m) be the second derivative of o(m). Determine x(-1).
1
Suppose -5632 = -90*m - 5542. Let a(s) = 4*s**2 - 55*s + 55. Determine a(m).
4
Let b(q) be the third derivative of 0 + 2/3*q**3 + 0*q + 1/24*q**4 + 1/60*q**5 + 249*q**2. Let y be (0 + (-2 - -2))/1. Calculate b(y).
4
Let y(d) be the third derivative of -d**5/60 + 4*d**4/3 + d**3/2 - 517*d**2. What is y(32)?
3
Let v(n) = n**3 + 5. Let c be v(0). Let m(r) = 98*r - 2. Let t(g) = 61*g - 1. Let p(l) = 5*m(l) - 8*t(l). Determine p(c).
8
Let k = 6 + -10. Let v(t) = -40*t**3 + 30*t**2 + 76*t - 131. Let w(d) = 7*d**3 - 5*d**2 - 13*d + 23. Let n(p) = 4*v(p) + 23*w(p). What is n(k)?
1
Let c(v) = 15*v**2 + 7*v - 5. Let l(f) = f**2 + f - 1. Let o(t) = c(t) - 6*l(t). Let a(h) = -14866*h + 312185. Let m be a(21). Determine o(m).
9
Let x = -1 - 6. Suppose -169*u + 165*u = -36. Let z(n) = n**2 - 3 + u - n**2 - 5*n**2 + 9*n + 6*n**2. Give z(x).
-8
Let c(w) = 20*w**2 - 92 - 59*w**2 + 29*w**2 + 10 - 3*w + 11*w**2. Determine c(-8).
6
Let q(g) be the first derivative of g**5/10 - g**4/6 + g**3/3 - 39*g**2/2 + 24. Let o(h) be the second derivative of q(h). Determine o(2).
18
Let o(s) = -1 + 3*s**3 - 6*s**3 + 38*s**2 + 5*s**3 - 19*s + 18*s + 0. Determine o(-19).
18
Let r(g) be the second derivative of -3/40*g**5 + 0 - 1/360*g**6 + 25*g + 1/4*g**4 - g**3 + 0*g**2. Let b(a) be the second derivative of r(a). Calculate b(-9).
6
Let n(v) = 6*v**3 + 84*v**2 + 3*v - 70. Let z(t) = 3*t**3 + 43*t**2 - 33. Let c(a) = 3*n(a) - 5*z(a). Calculate c(-12).
-9
Let f = 7370 + -7374. Let z(t) = 5*t + 1. Calculate z(f).
-19
Let n(i) = 3*i**3 + 2*i**2 - 3*i + 2. Let o be (-1)/(16/36 - 21/27). Suppose -7*g + 4*g - k + o = 0, 5*k = 0. Calculate n(g).
4
Let d(l) = -3*l + 87. Let a(z) = -5*z + 203. Let k(w) = -4*a(w) + 10*d(w). Calculate k(6).
-2
Let z(y) = -2*y**2 + 2 + 4*y**2 - 1 - y**3 + y. Let l = -177 + 181. Let o be (l/(-5))/(14/(-35)). Give z(o).
3
Let k(n) be the third derivative of n**5/30 + 2*n**4/3 + 4*n**3/3 + 1394*n**2. What is k(-8)?
8
Let f(p) = p**3 + p**2 + p + 1. Suppose -11 = 5*h - 6. Let i be (1 + h)/(3 - 2). Give f(i).
1
Let h(r) = -r - 19. Let o = -102 - -107. Suppose o*z + 196 = 131. Determine h(z).
-6
Suppose 6*h - 12*h + 30 = 0. Suppose 0 = x + h - 11. Let c(b) = -2*b + 10. What is c(x)?
-2
Let j(c) = -c**3 + 22*c**2 - 40*c + 43. Let o be j(20). Let f(z) = 8*z + 19 + 28 + 7*z - o - 12*z. Calculate f(2).
10
Suppose -h + 6 = -0. Let f(l) = -8 - 3786*l + 3779*l - l**3 + 229*l**2 - 222*l**2. Calculate f(h).
-14
Let i(q) be the second derivative of q**3/2 - 3*q**2/2 + 13808*q - 2. Suppose 10 = g + 4*d, 3*g - 5*d - 11 = 2. Determine i(g).
15
Suppose 20 = -x - 34*j + 33*j, j = 2*x + 22. Let p(f) = f**3 + 13*f**2 - 19*f + 10. Calculate p(x).
80
Let w = -57 - -59. Let x(y) = 9*y - w*y - y - 19. Let f be x(4). Let o(k) = 3*k - 1. Calculate o(f).
14
Let w(y) = 66*y + 19. Let t(j) = 81*j + 19. Let b(o) = 5*t(o) - 6*w(o). Calculate b(2).
-1
Let s(v) = 12*v**2 + 2*v + 1. Suppose 5*u - 149 = 4*p - 170, 0 = -3*u - 15. Determine s(p).
11
Let t(q) = 2*q + 12. Let g be (-20)/6 + 2 - (-22)/(-6). Let d(k) = 2. Let x(a) = g*d(a) + t(a). Determine x(3).
8
Let g(n) = -n**2 - 10*n - 17. Suppose 177 = -4*a - 5*h, 2*h = 4*a + 65 + 133. Let u be ((-3)/(-4))/(148/a - -3). What is g(u)?
-8
Let h(u) = -41*u**3 + 40*u**2 + 164*u - 28. Let b(j) = 15*j**3 - 13*j**2 - 55*j + 9. Let t(a) = -11*b(a) - 4*h(a). Calculate t(-13).
0
Let q(h) = 2*h - 13. Let b(x) = -x + 7. Let w be (-14)/(-4) + -4 + 208/32. Let m = -14 - -25. Let i(n) = m*b(n) + w*q(n). What is i(-3)?
-4
Let t(i) = -i**3 + 3*i**2 - i. Suppose -2*z = -5*r - 11, -5*r + r + 2*z = 8. Let a be (r + 1*99)/((-3)/(-2)). Let l = -62 + a. Determine t(l).
2
Let i(a) = 148*a**2 + 43*a - 11. Let s(p) = 79*p**2 + 22*p - 5. Let k(x) = 8*i(x) - 15*s(x). What is k(14)?
-13
Suppose a + 3*m - 15 = 0, -a - 2*m = -2 - 8. Let i(j) = -9*j - 255. Let z(h) = 14*h + 398. Let s(p) = 11*i(p) + 7*z(p). Give s(a).
-19
Let j(a) = -16*a**2 + a + 1. Suppose -373*i + 372*i + 12 = 0. Suppose 17 = 2*m + 3*t, 3*t = -4*m + 31 - i. What is j(m)?
-14
Let v be ((-8)/(-6))/(6/81). Suppose -v = 3*d - 6*d. Let k(o) be the third derivative of o**6/120 - o**5/10 + o**4/8 - 4*o**3/3 - 9*o**2 - 6. What is k(d)?
10
Let j(z) = -12*z + 6*z - z**3 + 4*z**2 + 2*z**3 - 2*z**3 + 14*z + 6. Determine j(6).
-18
Suppose t - 49 = -3*t - 5*p, -5*t + 15 = -3*p. Let v(s) = -3*s + 8. Let l(d) = 3*d - 7. Suppose -12*b = -21 - 3. Let o(m) = b*v(m) + 3*l(m). What is o(t)?
13
Let q be 4*(-8)/64 + 1 + (-52)/8. Let d(n) = -n**2 - 4*n + 2. What is d(q)?
-10
Let f(s) be the first derivative of 10*s**3/3 - 7*s**2 - s - 4972. What is f(2)?
11
Let m be ((-2)/(-21) + (-2002)/(-5733))*(-45)/(-2). Let u(i) = i**2 - 15*i + 1. Determine u(m).
-49
Let o(f) be the first derivative of 29*f**3/3 - 3*f**2/2 - f - 1576. Determine o(-1).
31
Let v be (-3)/(-6)*(56 - 0)*1. Let n(i) = i**2 - 27*i - 23. Let j be n(v). Let x(l) = -2*l - 1. What is x(j)?
-11
Let u(p) = 3039*p + 3040*p + p**2 + 3034*p - 9108*p - 22. Calculate u(-12).
62
Let h(s) = -s**2 - 27*s + 8. Let v(y) = 5*y**2 + 147*y - 39. Let r(b) = 11*h(b) + 2*v(b). Determine r(-4).
6
Let w(a) = -19*a - 36. Let d(p) = 30*p + 54. Let s(r) = -5*d(r) - 8*w(r). Calculate s(-12).
-6
Let a(b) be the first derivative of -b**3/3 - 7*b**2/2 - 3*b - 1284. Let r(s) = 2*s**3 + 3*s**2 + s. Let c be r(-2). Calculate a(c).
3
Let g be (-20)/8 + (2/4)/((-39)/429). Let u(v) = v**3 + 7*v**2 - 5*v + 26. What is u(g)?
2
Let t(m) = 8*m**2 - 2*m - 10. Let q be t(4). Let z = 113 - q. Let x(h) = 6*h - 17*h + 3 + 8*h. What is x(z)?
-6
Let v(q) = -q + 7. Let u be (-4)/(-6) + ((-80)/(-15) - 3). Suppose 2*k = 8*j - u*j + 1, 0 = j - 3. Let o be -2 - (0 - k)*(1 - 0). Give v(o).
1
Suppose z + h - 4 = 0, 4*z + 4*h - 15 = -h. Suppose -5*f = z + 10. Let s(y) = 1 + 3738*y - 3 - 3744*y. What is s(f)?
16
Let r(b) = 2*b**2 + 38*b + 100. Let z be r(-16). Suppose -s = -t, -z*t - 66 = 5*s - 30. Let c(j) = j + 2. Determine c(t).
-2
Suppose -5340*m = -5354*m. Let c(o) = o**3 + 3*o**2 + 2. Give c(m).
2
Suppose 3*t + 24 = -2*f + 6*t, 12 = 3*t. Let s(i) = 63*i - 170. Let r(p) = -35*p + 93. Let z(g) = 11*r(g) + 6*s(g). Give z(f).
45
Let o be 6*5*(-3)/(-90). Let k(d) = 6*d + 1 - 21*d + 8*d + d. Let c(h) = -5*h + 1. Let z(j) = -7*c(j) + 6*k(j). Calculate z(o).
-2
Let z(p) = 3*p**3 + 19*p**2 - 47*p + 25. Let r(u) = 14*u**3 + 77*u**2 - 190*u + 103. Let w(q) = -2*r(q) + 9*z(q). Give w(14).
5
Suppose -4*c = 3*y + 41, -3*c + 28*y - 47 = 27*y. Let i(b) = -b**2 - 13*b - 2. Determine i(c).
-16
Let b(d) be the second derivative of -2*d**5/5 + d**4/6 + d**3/2 - 2*d**2 + 4252*d. Give b(2).
-54
Let c(d) = -11 - 693*d - 687*d + 1376*d. What is c(-21)?
73
Let z(y) = -7*y**2 - 9*y - 8. Let p(l) be the second derivative of 2*l**4/3 + 2*l**3 + 4*l**2 + 40*l. Let m(c) = 6*p(c) + 7*z(c). Determine m(7).
6
Let r(u) = u**2 + 9*u + 14. Let x = -55 - -54. Let m be x/((-13)/(-6) + -2). What is r(m)?
-4
Let v(f) = 9*f + 27. Let l(i) = -6*i - 26. Let m(k) = 4*l(k) + 3*v(k). Give m(6).
-5
Let o(c) = c**3 - 6*c**2 - 8. Let s(y) be the first derivative of y**3 + 4*y**2 + 3*y + 23. Let u(b) = b + 1. Let q be u(-4). Let i be s(q). What is o(i)?
-8
Let w(l) be the third derivative of 5*l**4